 Calculate b(h).
-82
Let w(v) = -10*v**2 + 6*v + 3. Let h(f) be the second derivative of 4*f**4/3 - 11*f**3/6 - 5*f**2/2 - 151*f. Let j(r) = 4*h(r) + 7*w(r). Calculate j(-2).
-19
Let u(r) = r**2 + 3*r - 14. Let c(l) = l**3 + l + 36. Let h be c(0). Suppose 24 = h*z - 40*z. Give u(z).
4
Let m(n) = -n**3 + 7*n**2 + 9*n - 11. Suppose 3*g = -p, 20*p + 2*g - 14 = 17*p. What is m(p)?
79
Let s(z) = -361*z + 566. Let n(v) = 284*v - 566. Let f(y) = 5*n(y) + 4*s(y). What is f(-24)?
10
Let j = 395 - 406. Let h(p) = p**2 + 10*p - 11. Calculate h(j).
0
Let i(x) = -x**2 - 5*x - 6. Suppose 165 + 25 = -28*j - 62. What is i(j)?
-42
Let d(v) = -29*v**2 - 9*v + 4. Let y(i) = -i**2 + i - 4. Let p(s) = d(s) - 2*y(s). Let w(q) = 13*q**2 + 5*q - 5. Let f(h) = 3*p(h) + 7*w(h). Determine f(-1).
9
Let m be (-1200)/(-5) + 4/2. Let d(o) = 2*o**2 + 54*o - 548. Let x be d(-35). Suppose -m*k + x = -238*k. Let u(t) = t**2 - 4*t + 4. Determine u(k).
1
Let s(n) = -30 + 17*n**2 - 174 - 2*n**3 - 6*n + 185. Calculate s(8).
-3
Let l(v) = 2*v**2 - 2*v + 1. Let i = 251 - 240. Let a be (-33)/i - 10/(-2). Give l(a).
5
Let q(z) = z**3 - 12*z**2 + 5*z + 62. Suppose -4*g = -5*m + 126 - 150, 0 = 2*m - 8. Calculate q(g).
-4
Let s(v) = 51*v - 44. Let n(y) = 28*y - 24. Let t(k) = 11*n(k) - 6*s(k). Let b(j) = -j + 1. Let o be b(4). Calculate t(o).
-6
Let h(n) = -n**2 - 14*n - 19. Suppose 0 = -38*l + 40*l - 4. Suppose -5*y - l*i - 44 - 30 = 0, 0 = -3*i - 6. What is h(y)?
-19
Let n(c) = -2*c**2 - 7*c + 10. Let s be ((-16)/(-10))/((66/(-55))/3). Determine n(s).
6
Let q(p) = p**2 + 32*p - 102. Let r be q(-35). Let k(s) = -12*s**2 - r*s**3 + 9*s**2 - s + 17 - 15. Calculate k(-2).
16
Let z(o) be the second derivative of 79*o + o**2 + 0 + 5/6*o**3 + 1/20*o**5 + 7/12*o**4. Determine z(-6).
8
Let i(y) = -y**2 + 2*y. Let a = 67 - 59. Suppose 2*u + 5*h + 4 - a = 0, u + 3*h = 2. What is i(u)?
0
Let l(x) be the first derivative of -3*x**2/2 + 20*x - 796. Calculate l(2).
14
Let j(p) be the second derivative of -7/2*p**2 + 1/12*p**4 - 13/6*p**3 + 181*p + 0. Give j(11).
-29
Let w(l) = 2*l + 1. Let n(z) = -z**2 - 10*z - 11. Let u = -397 + 396. Let p(q) = u*n(q) + 5*w(q). Calculate p(-19).
-3
Suppose -4*d = -x - 433, -42*d + 44*d - 209 = -x. Suppose 71 = -4*k + d. Let m(a) = 13*a - 13. Let u(i) = 7*i - 6. Let q(g) = 6*m(g) - 11*u(g). What is q(k)?
-3
Let y(b) = 8*b. Let z be y(1). Let i(n) = 8*n**2 + 2*n**2 + 1082 - 6*n**2 - 474 + 5*n**2 - 5*n - n**3 - 618. Determine i(z).
14
Let w = 495 + -483. Suppose -7*q + 4*g = -5*q + 22, -w = -3*g. Let a(l) = 2*l**2 + 2*l + 4. What is a(q)?
16
Let m(g) = 2*g**2 - 26*g - 148. Let u be m(17). Let v(b) = -b**2 - 12*b + 2. Give v(u).
2
Let x(z) = -z**3 - 11*z**2 + 12*z - 3. Suppose -323 - 205 = 44*f. Calculate x(f).
-3
Let d(p) be the first derivative of -p**5/20 - p**4/6 - p**3/3 + p**2 + 141*p + 55. Let q(y) be the first derivative of d(y). Determine q(-3).
17
Let k(d) be the second derivative of d**5/20 - 25*d**4/12 - 14*d**3/3 + 21*d**2 + 60*d + 1. Determine k(26).
-10
Let n(w) = -6*w**2 + 9 - 4 - 4. Let z(x) = -17*x - 103. Let g be z(-6). Determine n(g).
-5
Let z(p) be the second derivative of -p**5/20 + 5*p**4/4 - 13*p**3/6 - 23*p**2/2 + 37*p + 28. Determine z(14).
-9
Let o(u) be the third derivative of -u**6/360 + 7*u**5/120 + 7*u**4/12 - 9*u**3 - 49*u**2. Let x(z) be the first derivative of o(z). What is x(9)?
-4
Let z = -7 - -5. Let i(k) = -3*k - 7. Let b be i(-3). Let f(g) = -1 + g - 26*g**b + 47*g**2 - 20*g**2 + g**3. Calculate f(z).
-7
Let y(w) = -w**3 + 28*w - 10. Let i be y(5). Let v(a) = -a**2 + 4*a + 10. Calculate v(i).
5
Let i(d) = d**3 + 11*d**2 - 11*d + 11. Let v(f) = 155*f - 17. Let q be v(-3). Let x = q + 470. What is i(x)?
-1
Let l(p) be the first derivative of p**2/2 - 24*p + 47. Let i(f) = -f + 43. Let x(q) = 4*i(q) + 7*l(q). What is x(3)?
13
Suppose -8*a - 34 = -2*p - 12*a, 0 = -6*p - 3*a + 39. Let d(n) = n**2 + 4*n - 7. Calculate d(p).
14
Let d(k) be the first derivative of k**5/20 + k**4/3 - k**3/6 + k**2/2 - 14*k + 45. Let u(f) be the first derivative of d(f). Calculate u(-3).
13
Let w(z) = -14*z + 23. Let v(s) = 5*s - 8. Let f(c) = -17*v(c) - 6*w(c). Suppose 20 - 4 = 4*t. Suppose -2*m = 4 + 2, t*r + 2*m - 14 = 0. What is f(r)?
-7
Let i(h) = -33*h**2 + 8*h**2 - 7*h**3 + 13 + 0 - h. Let v(x) = 3*x**3 + 12*x**2 - 7. Let g(q) = -2*i(q) - 5*v(q). Determine g(-10).
-11
Let m(s) = 23*s**2 - 598*s + 4. Let q be m(26). Let z(v) be the third derivative of 0*v + 1/20*v**5 - 2*v**2 - 1/120*v**6 + 0 - 1/3*v**3 + 1/4*v**4. Give z(q).
6
Suppose 0 = -4*r - 0*r + 32. Let q(f) = -90*f - 112. Let w be q(-2). Let s(n) = -134*n + r + w*n + 68*n. Calculate s(6).
20
Let j(q) = q**2 - q + 5. Let u(h) = h. Let d(t) = -j(t) - 5*u(t). Suppose 25*b = 2*b - 115. Determine d(b).
-10
Let f(w) = w**2 - 8*w + 7. Let k(a) = a**3 + 25*a**2 - 24*a + 57. Let l be k(-26). What is f(l)?
-8
Let m(d) = d**2 + 7*d + 6. Let t = 71 - 55. Suppose -t - 44 = 10*x. Let b(v) = v**2 + 8*v + 7. Let w be b(x). Calculate m(w).
-4
Let w(o) = -15*o**2 - o. Let a = 13 + -13. Suppose a*j + j = 2*b - 43, -1 = b. Let u = j + 46. Determine w(u).
-16
Let k(w) = -31*w + 26. Let m be k(4). Let q be (1 + (-6)/4)/(7/m). Let s(j) = j**3 - 275*j + 275*j - 7*j**2 + 10. Determine s(q).
10
Suppose 2*v + 4 = x + x, 2*v + 4*x - 14 = 0. Let r be 3/(-12)*v - (-9)/4. Let l(f) = r*f + 2 - 4 - f - 1. Determine l(7).
4
Let c(b) = b - 6. Let t = 48 - 42. Let u(q) = 11*q - 64. Let f(g) = 4*g - 21. Let s(d) = t*u(d) - 17*f(d). Let n be s(-17). Calculate c(n).
1
Let d(i) = i**2 - 14*i + 18. Let t be 3/(-18)*202*(2 + -8). Let m = 215 - t. What is d(m)?
5
Suppose 6*f - 772 = -760. Suppose 10*b + f*b = -72. Let w(m) = 3*m + 8. Calculate w(b).
-10
Let s(o) = -o - 12. Suppose 2*d - 232 = -4*c, -2*c = -6*c - 4*d + 232. Let l = 50 - 114. Let v = l + c. Determine s(v).
-6
Let m(f) = f - 4. Let v(u) = -6*u + 247*u**2 + 8 - 238*u**2 - 2*u - u**3. Let t be v(8). Determine m(t).
4
Let x(v) be the second derivative of -v**3/6 - 6*v**2 - 250*v. Let f be 3/((-38)/(-12) + -3). Let p = f - 28. Calculate x(p).
-2
Suppose v - 127 = 3*k, -3*k - 13 = 2*v - 303. Let y be (1 - (-408)/(-3))*-1. Let b = v - y. Let f(c) = -c**3 + 4*c**2 + c + 2. What is f(b)?
6
Let r(j) be the third derivative of -j**6/30 + j**5/20 - j**4/6 + j**3/3 - 2*j**2 + 44*j. Determine r(3).
-91
Let o(z) = z**3 + 5*z**2 + 3*z - 8. Let d = -3 + -1. Let f be o(d). Let g(k) = k - 23*k**2 + 8*k**2 + 16*k**2 - 1. Determine g(f).
11
Let y = 10 - 0. Let z be -9 + 2 + 5 + 2. Let h(k) = -k**3 - 7 + k + 8*k**2 + 2*k**2 + z*k**2 - 1. Calculate h(y).
2
Let v(w) = -w**3 - 2*w**2 + 4*w. Let z be (-17)/(-2)*(-4 + 2). Let q(h) = h**3 + 19*h**2 + 33*h - 20. Let c be q(z). What is v(c)?
-3
Suppose -1455*a + 72 = -1468*a - 19. Let s(c) = -3*c - 22. What is s(a)?
-1
Let a(q) = -q**2 - 32*q - 6. Let z(g) = -2*g**2 - 73*g - 12. Let r(t) = -9*a(t) + 4*z(t). Let u be -2 + (1 - 0)*6. What is r(u)?
6
Let z(g) = g**2 - 6*g + 7. Let h be z(5). Let v(k) = -k + 10*k + k**3 + 5 - 10*k - 4*k + 4*k**h. Let n(c) = -3*c + 4. Let w be n(3). Calculate v(w).
5
Let d(t) = -2*t - 30. Let a = 505 + -482. Suppose b = -p + 6 - a, 3*b = 4*p + 61. Calculate d(p).
2
Let j(n) = -126*n - 130*n - 2*n**2 + 258*n - 4. Let b be 11/(-55) + (-9)/5. Let a be (-3 - b)/(2/(-6)). Determine j(a).
-16
Let j(i) = -3*i - 42. Let m be j(-17). Let p(l) = 3 + m*l + 13*l - 9*l - 8*l. Calculate p(-3).
-12
Suppose -22*a - 74 = -85*a + 52. Let p(g) be the third derivative of -g**6/30 + g**5/15 - g**4/8 + g**3/6 - g**2. What is p(a)?
-21
Let l(h) = 8*h**2 + 10*h + 9. Let o(m) = m - 22. Let k be o(18). Let b be l(k). Let w(v) = -b*v + 92*v + 0 - 1. What is w(1)?
-6
Suppose -25 = -2*o - 35. Let b(x) be the third derivative of -x**6/120 - x**5/15 + x**4/8 - x**3 - x**2 + 143*x. Calculate b(o).
4
Suppose 2*o - 17 = -t - 12, 5*t = -3*o + 11. Let y(z) = -4*z**3 - 4*z**2 + 9*z - 5. Calculate y(t).
-4
Let k(y) = y**3 - 9*y**2 + 80*y - 371. Let i be k(6). Let g(a) = -6*a**3 - a**2 + 1. Give g(i).
-6
Let h(a) = -24*a**2 - 67*a - 132. Let n(w) = -29*w**2 - 68*w - 135. Let l(c) = 5*h(c) - 4*n(c). Give l(-2).
-10
Let p(v) = -v**3 + 5*v**2 + 6*v + 2. Let w be p(6). Let b(j) = -j**2 + 9*j - 1 - w*j + j. Suppose 4*f - 5*g - 32 = 10, -f - 2*g = -4. What is b(f